{"id":27,"date":"2019-01-18T15:32:16","date_gmt":"2019-01-18T15:32:16","guid":{"rendered":"http:\/\/www.marcamboats.com\/web\/?page_id=27"},"modified":"2022-04-26T21:31:33","modified_gmt":"2022-04-26T21:31:33","slug":"marcam-x15","status":"publish","type":"page","link":"https:\/\/www.marcamboats.com\/web\/marcam-x15\/","title":{"rendered":"MARCAM X15 (DESCONTINUADO)"},"content":{"rendered":"\n<h1 class=\"has-vivid-red-color has-text-color wp-block-heading\">MODELO DESCONTINUADO<\/h1>\n\n\n\n<p>Si bien la X15 es la mas peque\u00f1a de la familia no se queda atr\u00e1s en cuanto a performance. ESTA es una la lancha dise\u00f1ada para 4 personas con posibilidad de instalar motores de 40HP a 90 HP dependiendo del tipo de uso que se le dar\u00e1 a la embarcaci\u00f3n. Si son paseos o deportes acu\u00e1ticos la X15 lograr cumplir con sus expectativas. Con un dise\u00f1o de casco de V modificada, esta lancha planea en cosa de segundos, optimizando el rendimiento y consumo al navegar.<\/p>\n\n\n\n<h3 class=\"wp-block-heading\">CARACTERISTICAS:<\/h3>\n\n\n\n<p>ESLORA &nbsp;4,5 metros 15 pies<br>MANGA&nbsp;2,18 metros 7 pies<br>DRAFT &nbsp;400mm(1&#8217;3&#8243;)<br>PESO. 500kgs(1323lbs)<br>CAPACIDAD PASAJEROS 4<br>Potencia motor de 40HP a 90 HP<br>NAVIGATION AREA C INSHORE<br>CAPACIDAD DE COMBUSTIBLE 70L\/(21.1gal)<\/p>\n\n\n\n<p><strong><em>*especificaciones y caracter\u00edsticas pueden cambiar desde fabrica sin previo aviso.<\/em><\/strong><\/p>\n\n\n\n<h3 class=\"wp-block-heading\"><strong>EQUIPAMIENTO DE SERIE:<\/strong><\/h3>\n\n\n\n<p>Lancha x15<br>Direcci\u00f3n<br>Bomba de achique<br>Luces de navegaci\u00f3n<br>Tubo de Ski<br>Carro de arrastre<\/p>\n\n\n\n<hr class=\"wp-block-separator is-style-wide\"\/>\n\n\n\n<h1 class=\"wp-block-heading\">MODELO DESCONTINUADO<\/h1>\n\n\n\n<hr class=\"wp-block-separator is-style-wide\"\/>\n\n\n\n<h3 class=\"wp-block-heading\">GALERIA DE FOTOS:<\/h3>\n\n\n\n<hr class=\"wp-block-separator is-style-wide\"\/>\n\n\n\n\n\n\n\n<hr class=\"wp-block-separator is-style-wide\"\/>\n\n\n\n<hr class=\"wp-block-separator is-style-wide\"\/>\n\n\n\n<div style=\"height:30px\" aria-hidden=\"true\" class=\"wp-block-spacer\"><\/div>\n\n\n\n<h3 class=\"wp-block-heading\">VIDEO:<\/h3>\n\n\n\n<hr class=\"wp-block-separator is-style-wide\"\/>\n\n\n\n<div class=\"epyt-video-wrapper\"><iframe loading=\"lazy\"  id=\"_ytid_40015\"  width=\"640\" height=\"360\"  data-origwidth=\"640\" data-origheight=\"360\" src=\"https:\/\/www.youtube.com\/embed\/vK3Iqyi33_4?enablejsapi=1&autoplay=0&cc_load_policy=0&cc_lang_pref=&iv_load_policy=1&loop=0&rel=1&fs=1&playsinline=0&autohide=2&theme=dark&color=red&controls=1&\" class=\"__youtube_prefs__  no-lazyload\" title=\"YouTube player\"  allow=\"fullscreen; accelerometer; autoplay; clipboard-write; encrypted-media; gyroscope; picture-in-picture; web-share\" referrerpolicy=\"strict-origin-when-cross-origin\" allowfullscreen data-no-lazy=\"1\" data-skipgform_ajax_framebjll=\"\"><\/iframe><\/div>\n\n\n\n<hr class=\"wp-block-separator is-style-wide\"\/>\n\n\n\n<p><\/p>\n","protected":false},"excerpt":{"rendered":"<p>MODELO DESCONTINUADO Si bien la X15 es la mas peque\u00f1a de la familia no se queda atr\u00e1s en cuanto a performance. ESTA es una la lancha dise\u00f1ada para 4 personas con posibilidad de instalar motores de 40HP a 90 HP dependiendo del tipo de uso que se le dar\u00e1 a la embarcaci\u00f3n. Si son paseos o deportes acu\u00e1ticos la X15 lograr cumplir con sus expectativas. Con un dise\u00f1o de casco de V modificada, esta lancha planea en cosa de segundos, optimizando el rendimiento y consumo al navegar. CARACTERISTICAS: ESLORA &nbsp;4,5&hellip;<\/p>\n","protected":false},"author":1,"featured_media":0,"parent":0,"menu_order":0,"comment_status":"closed","ping_status":"closed","template":"","meta":{"footnotes":""},"class_list":["post-27","page","type-page","status-publish","hentry"],"_links":{"self":[{"href":"https:\/\/www.marcamboats.com\/web\/wp-json\/wp\/v2\/pages\/27","targetHints":{"allow":["GET"]}}],"collection":[{"href":"https:\/\/www.marcamboats.com\/web\/wp-json\/wp\/v2\/pages"}],"about":[{"href":"https:\/\/www.marcamboats.com\/web\/wp-json\/wp\/v2\/types\/page"}],"author":[{"embeddable":true,"href":"https:\/\/www.marcamboats.com\/web\/wp-json\/wp\/v2\/users\/1"}],"replies":[{"embeddable":true,"href":"https:\/\/www.marcamboats.com\/web\/wp-json\/wp\/v2\/comments?post=27"}],"version-history":[{"count":10,"href":"https:\/\/www.marcamboats.com\/web\/wp-json\/wp\/v2\/pages\/27\/revisions"}],"predecessor-version":[{"id":1222,"href":"https:\/\/www.marcamboats.com\/web\/wp-json\/wp\/v2\/pages\/27\/revisions\/1222"}],"wp:attachment":[{"href":"https:\/\/www.marcamboats.com\/web\/wp-json\/wp\/v2\/media?parent=27"}],"curies":[{"name":"wp","href":"https:\/\/api.w.org\/{rel}","templated":true}]}}